= -9*b - 6. Let r(n) = 5*h(n) - j(n). Let g(v) = 7*v - 4. Let c(p) = 6*g(p) - 5*r(p). Determine c(-5).
11
Let q = -173 + 158. Let a = 15 + q. Let f(i) = i**3 + i**2 + i - 36. What is f(a)?
-36
Let t(x) be the second derivative of 4*x**5/5 + x**4/12 - 2*x + 114. Determine t(-1).
-15
Let i(p) = -124*p + 252. Let b be i(2). Let x(q) = q**3 - 4*q**2 + 7*q - 5. Calculate x(b).
23
Let t be (59/2)/(((-75)/(-10))/15). Let k = t - 59. Let c(i) = -i - 1. Let u(w) = 5*w + 22. Let b(g) = 6*c(g) + u(g). Give b(k).
16
Let c(r) be the third derivative of r**6/720 + r**5/120 + r**4/4 - r**3/3 + 41*r**2. Let v(i) be the second derivative of c(i). What is v(5)?
6
Let y(o) be the third derivative of -o**5/60 - 13*o**4/8 - 83*o**3/2 - 1831*o**2 - 3. Give y(-31).
-1
Let f(i) be the first derivative of 5/2*i**2 + 2/3*i**3 - 64 + 2*i - 1/4*i**4. Let q(n) = 3*n + 1. Let z be q(1). Determine f(z).
-10
Let g = 6 + -4. Let t(s) = -2*s + 2*s**2 + 6*s - s**3 - g + 1. Suppose -991*n - 2*v = -992*n - 15, -5*n = -2*v + 3. Calculate t(n).
2
Let b(n) = 5*n**3 + 202*n - 3. Let s(d) = -d**3 - d**2 - 52*d + 1. Let k(c) = b(c) + 4*s(c). Let q(j) = 4*j**2 + j. Let v be q(1). Calculate k(v).
-4
Let k(p) = p**2 + 3*p + 3. Let w(m) = -m**3 - 7*m**2 - 4*m + 25. Suppose 3*o + 31 = -3*y + 25, -5 = 4*o + 5*y. Let s be w(o). Determine k(s).
13
Let k = 56973 - 56976. Suppose -2*n + h + 3 = 0, n = -3*h - 5 + 24. Let j(l) = 2*l - n + 0*l - 4*l. Calculate j(k).
2
Let o be 352/40*15/12. Let b(h) be the second derivative of 0 + o*h + 0*h**2 - 1/6*h**3. Calculate b(-2).
2
Let t(f) = -3747*f - 4*f**2 - 32 + 30 + 3739*f. Determine t(-1).
2
Let x(c) = 1 + 1 + 1 - 5*c**2 + 0*c**3 - c**3. Let f(b) = 84*b - 257. Let s be f(3). Determine x(s).
3
Let x(b) = -12517*b + 12525*b - 57 - 5. Determine x(8).
2
Let h(a) = -3*a + 2. Let i = -1261 - -1262. Determine h(i).
-1
Let l(v) = -v**3 + 5*v**2 - 3*v - 4. Let c be l(4). Suppose c = -4*z - 17 - 7. Let i be (z/4 - -1)/(2/(-36)). Let q(u) = -u**3 + 8*u**2 + 12*u - 8. Give q(i).
19
Let p be 16 + (-1965)/120 - 3/((-144)/34). Let s(t) be the second derivative of 1/4*t**4 - p*t**3 - 1/20*t**5 + 0 - 1/2*t**2 + 24*t. Give s(2).
-1
Let b(p) = 46*p - 1. Let t(k) = 413*k + 49. Let z(r) = -9*b(r) + t(r). Determine z(-22).
80
Let m(i) = 5*i**3 - 74*i**2 + 178*i - 129. Let f(c) = -c**3 + 15*c**2 - 34*c + 26. Let h(q) = -11*f(q) - 2*m(q). What is h(16)?
4
Let r(h) = 101 - 105 - 2*h - 5*h + 22*h**2 - 24*h**2. Let s = 12 + -8. Suppose l + 5*o = -s, 2*l + 5*o + 7 = -1. Calculate r(l).
-8
Let c(l) be the first derivative of -l**3/3 - l**2/2 + 4*l - 1. Let g be ((-16)/(-48))/((-1)/6). Let i(m) = m**3 + 3*m**2 + 2*m. Let a be i(g). Determine c(a).
4
Let o(u) be the second derivative of 5/6*u**3 - 2*u**2 + 22 + 1/20*u**5 - 3*u + 7/12*u**4. Give o(-6).
2
Let i(g) = g**2 + 0*g**2 + 12 - 2*g**2 - g**3. Let o be 2/8*0/(4*15/60). What is i(o)?
12
Let z(v) = -43*v**3 - v - 1. Let s = -53 - -52. Let b be z(s). Let w = b - 40. Let c(j) = j**2 - 1. Calculate c(w).
8
Let i = -106 + 305. Let q = 189 - i. Let x(r) = r**3 + 9*r**2 - 10*r + 11. What is x(q)?
11
Let o(f) = 3*f**3 + 10*f**2 - 8*f - 1. Let k(a) = 4*a**3 + 15*a**2 - 10*a - 1. Let y(u) = -2*k(u) + 3*o(u). What is y(-3)?
-16
Let o(s) = -6*s - 2385*s**2 + 2382*s**2 - 2*s - 6. Let c be o(-2). Let u(f) = -3*f**2 - 3*f - 2. Determine u(c).
-8
Let f(m) = -5*m**3 + 5*m**2 + 2*m + 6. Let a(z) = 4*z**3 - 6*z**2 - 3*z - 5. Let i(x) = -6*a(x) - 5*f(x). Let t = -50 - -40. What is i(t)?
20
Suppose 4*k - h = 29, -9 = -9*k + 5*k - 3*h. Let n(l) = 2*l**3 + l + 1. Let i(t) = -5*t**3 - 7*t**2 + 5*t - 6. Let m(g) = -i(g) - 3*n(g). Determine m(k).
-9
Let l(b) be the first derivative of 19*b**2/2 + 178*b + 5396. Determine l(-11).
-31
Suppose 0 = -13*p + 8*p - 35. Let h(b) = -8*b - 6. Let n(o) be the first derivative of -6*o**2 - 9*o - 17. Let u(f) = p*h(f) + 5*n(f). Determine u(-3).
9
Suppose -53*q = -46*q + 14 + 35. Let t(r) = -r**3 - 7*r**2 - 2*r + 2. Give t(q).
16
Let s(z) = 8 - 4 + 4 + 5*z + 15. Let k be s(-6). Let o(m) = m**3 + m - 1. Let w(p) = -2*p**3 + 7*p**2 - 5*p - 6. Let l(v) = 3*o(v) + w(v). Give l(k).
5
Let b(c) = -3*c**2 + 86*c - 275. Let h be b(25). Let u(k) = -k**2 + 13. Give u(h).
13
Let d(s) be the first derivative of -5/3*s**3 + 0*s**2 + 1/4*s**4 + 1 + 2*s. Let b = -1279 + 1284. Give d(b).
2
Suppose -x - 58 = -297. Let n(y) = -x + 478 - 4*y - 242. Calculate n(-2).
5
Let v(s) be the second derivative of -169*s + 9/2*s**2 + 0 - 1/2*s**3. Suppose 2*w - w = 6. Determine v(w).
-9
Let o(l) = -l**3 + 4*l**2. Let k = -51 + 74. Let m(t) = -k + 23 - 23 - 22 + 8*t. Let b be m(6). Determine o(b).
9
Let v(q) = q + 7. Let y be (-20)/25 + 3/3 - (-176)/20. What is v(y)?
16
Let y be (-13 + 43/(215/50))/(6/(-14)). Let z(f) = -7*f + 9. Calculate z(y).
-40
Suppose 0 = -5*q - 15, 4*b + 3*q = 6*q - 803. Let o = b - -209. Let k(z) = -z**2 + 5*z + 8. Calculate k(o).
2
Let t(n) = 6*n**3 - 3*n**2 + 2*n. Let l be t(1). Let u(w) = w - l*w + 4*w + 6 + w. Calculate u(8).
14
Let d = 10200 + -10193. Let j(h) = -8*h - 31. Calculate j(d).
-87
Let x(q) = -2*q**2 - 5*q - 5. Let m(b) = -b**3 - 10*b**2 - 18*b - 21. Suppose 2*r = 2*s - 3*s, -5*s - r = 36. Let p be m(s). Give x(p).
-30
Let y(v) be the second derivative of v**4/6 - v**3/6 - 109*v**2/2 - v + 133. Let t(i) be the first derivative of y(i). Calculate t(-4).
-17
Suppose -2*x = o - 26 + 42, 0 = -8*x + 2*o - 64. Let u(n) = 1 + 11*n - 2 - 1. Let p(j) = 4*j - 1. Let f(g) = 8*p(g) - 3*u(g). Give f(x).
6
Let y(x) = 21202 - 63599 + 21197 - x + 21202. Suppose 5*b = 2*n - 10, -b - 3*b = 3*n + 8. Calculate y(b).
4
Let j(x) be the third derivative of x**6/120 - 9*x**5/20 + 23*x**4/24 + 31*x**3/6 - 5796*x**2. Determine j(26).
-47
Let x(d) be the first derivative of d**2/2 - 4*d - 7. Let l be (22/12 + -3)/((-59)/354). What is x(l)?
3
Let j(c) be the first derivative of c**4/24 + 5*c**3/6 + 77*c**2/2 + 68. Let p(b) be the second derivative of j(b). What is p(6)?
11
Let s(i) = -34*i**2 - 14*i - 11. Let w(o) = -23*o**2 - 13*o - 16. Let h(v) = -2*s(v) + 3*w(v). What is h(-6)?
4
Let h(b) = -3*b + 1. Let j be 2*5/20*12. Suppose 7*s = j*s. Suppose 2*z = v + 1, z - 1 = -s. Determine h(v).
-2
Let t(z) = z - 5. Suppose -39 = 6*m - 123. Let l = -62 + m. Let a = 55 + l. Determine t(a).
2
Let o(k) = -k**2 - 92*k - 2108. Let y be o(-45). Let h(n) = -21*n + 155. Determine h(y).
8
Let l(z) be the second derivative of z**4/3 - 5*z**3/6 - 5*z**2/2 + 19*z. Let t(b) = -5*b**2 + 5*b + 7. Let x(w) = -6*l(w) - 5*t(w). Give x(-5).
-5
Let g(x) = -x**2 - 2*x + 2. Let u(t) = 5*t**2 - 4*t - 11. Let h(b) = -6*g(b) - u(b). What is h(-19)?
56
Let k(z) = -773*z + 2323. Let s be k(3). Let i(a) be the second derivative of -a**3 + 3/2*a**2 - 23*a - 1/4*a**s + 0 + 1/20*a**5. What is i(4)?
-5
Let t(b) be the third derivative of b**6/40 - b**5/20 - b**3/2 + 6*b**2 + 1. Let p(v) = -4*v**3 + 3*v**2 + 4. Let u(d) = 2*p(d) + 3*t(d). Give u(2).
-5
Let h(x) = 7*x**2 - 51*x - 309. Let o(b) = -18*b**2 + 128*b + 774. Let w(z) = 13*h(z) + 5*o(z). What is w(-6)?
27
Let y(r) = 2*r + 50*r**3 - 17*r**3 - 109 + 214 - r**2 - 107. What is y(1)?
32
Let m(z) = z**2 + 444 - z + z - 22*z - 421 + 0*z**2. Determine m(26).
127
Let k be ((96/216)/1)/((-4)/(-54)). Let y(b) = b**3 - 7*b**2 - 6*b + 70. Calculate y(k).
-2
Suppose -86*m + 504 = -1270 - 634. Let a(l) = l - 17. Calculate a(m).
11
Let k(r) be the first derivative of 126 + 3/2*r**2 + 2*r. What is k(-3)?
-7
Let c(t) = -t**2 + 8*t - 3. Let m(a) be the third derivative of a**5/60 + a**4/24 + 253*a**2. Let i be -3*(-1 + (0 - -2)). Let z be m(i). Give c(z).
9
Let k(h) be the first derivative of -h**4/2 + 32*h**3/3 - 16*h**2 + 27*h - 1314. Give k(15).
-3
Let s(k) = 10*k - 103. Let d(p) = p**3 - 6*p**2 + 17*p - 50. Let r be d(5). What is s(r)?
-3
Let u(d) be the second derivative of d**5/60 + d**4/4 + 3*d**3/2 - 3*d**2/2 + 3*d + 4. Let o(k) be the first derivative of u(k). Determine o(-6).
9
Let m(r) = 5*r**3 + r - 6. Let w(n) = 3*n**3 - 4*n**2 + 1. Let k(o) = -m(o) + 2*w(o). What is k(8)?
0
Let s(p) = p**2 - 7*p + 6. Suppose -u - u - 2 = 0. Let n be -6 - (4/(-10))/(u/(-10)). Let w be n/8 - (-75)/12. What is s(w)?
0
Suppose -13*w = 16*w. Let z(k) = -3 + 12*k**2 + 14*k**2 + k - 24*k**2. What is z(w)?
-3
Let r = -171 - -89. Let t = r